{"id":476,"date":"2025-10-10T15:37:27","date_gmt":"2025-10-10T15:37:27","guid":{"rendered":"https:\/\/merj-dipic.it\/?page_id=476"},"modified":"2025-10-10T15:37:27","modified_gmt":"2025-10-10T15:37:27","slug":"prova-ammissione-merj-13-14-ottobre-2025","status":"publish","type":"page","link":"https:\/\/merj-dipic.it\/index.php\/prova-ammissione-merj-13-14-ottobre-2025\/","title":{"rendered":"Prova ammissione MERJ 13-14 ottobre 2025"},"content":{"rendered":"<pre>La <strong>prova\/colloquio di ammissione<\/strong> al Master di I livello in\r\n<strong>\u201cMediatore esperto in programmi di giustizia riparativa in ambito penale (MERJ)\u201d<\/strong>\r\nsi terr\u00e0 <strong>luned\u00ec 13 e marted\u00ec 14 ottobre 2025<\/strong>.\r\n\r\nGli orari e la suddivisione dei candidati sono indicati nel <a href=\"https:\/\/merj-dipic.it\/wp-content\/uploads\/2025\/10\/13-14ottobre2025convocazioni.pdf\">13-14+ottobre2025+convocazioni<\/a>.\r\n\r\nLe prove si svolgeranno presso il <strong>Seminario di Diritto e procedura penale \u2013 Sala Manzini<\/strong>\r\n(terzo piano, accesso dal corridoio delle aule),\r\n<strong><a href=\"https:\/\/www.google.com\/maps\/search\/via+8+Febbraio,+2+-+35122+Padova?entry=gmail&amp;source=g\">Palazzo Bo, Via 8 Febbraio 2, 35122 Padova.<\/a><\/strong><\/pre>\n","protected":false},"excerpt":{"rendered":"<p>La prova\/colloquio di ammissione al Master di I livello in \u201cMediatore esperto in programmi di giustizia riparativa in ambito penale [&hellip;]<\/p>\n","protected":false},"author":1,"featured_media":0,"parent":0,"menu_order":0,"comment_status":"closed","ping_status":"closed","template":"","meta":{"site-sidebar-layout":"default","site-content-layout":"","ast-site-content-layout":"default","site-content-style":"default","site-sidebar-style":"default","ast-global-header-display":"","ast-banner-title-visibility":"","ast-main-header-display":"","ast-hfb-above-header-display":"","ast-hfb-below-header-display":"","ast-hfb-mobile-header-display":"","site-post-title":"","ast-breadcrumbs-content":"","ast-featured-img":"","footer-sml-layout":"","theme-transparent-header-meta":"default","adv-header-id-meta":"","stick-header-meta":"","header-above-stick-meta":"","header-main-stick-meta":"","header-below-stick-meta":"","astra-migrate-meta-layouts":"set","ast-page-background-enabled":"default","ast-page-background-meta":{"desktop":{"background-color":"var(--ast-global-color-5)","background-image":"","background-repeat":"repeat","background-position":"center center","background-size":"auto","background-attachment":"scroll","background-type":"","background-media":"","overlay-type":"","overlay-color":"","overlay-opacity":"","overlay-gradient":""},"tablet":{"background-color":"","background-image":"","background-repeat":"repeat","background-position":"center center","background-size":"auto","background-attachment":"scroll","background-type":"","background-media":"","overlay-type":"","overlay-color":"","overlay-opacity":"","overlay-gradient":""},"mobile":{"background-color":"","background-image":"","background-repeat":"repeat","background-position":"center center","background-size":"auto","background-attachment":"scroll","background-type":"","background-media":"","overlay-type":"","overlay-color":"","overlay-opacity":"","overlay-gradient":""}},"ast-content-background-meta":{"desktop":{"background-color":"var(--ast-global-color-4)","background-image":"","background-repeat":"repeat","background-position":"center center","background-size":"auto","background-attachment":"scroll","background-type":"","background-media":"","overlay-type":"","overlay-color":"","overlay-opacity":"","overlay-gradient":""},"tablet":{"background-color":"var(--ast-global-color-4)","background-image":"","background-repeat":"repeat","background-position":"center center","background-size":"auto","background-attachment":"scroll","background-type":"","background-media":"","overlay-type":"","overlay-color":"","overlay-opacity":"","overlay-gradient":""},"mobile":{"background-color":"var(--ast-global-color-4)","background-image":"","background-repeat":"repeat","background-position":"center center","background-size":"auto","background-attachment":"scroll","background-type":"","background-media":"","overlay-type":"","overlay-color":"","overlay-opacity":"","overlay-gradient":""}},"footnotes":""},"class_list":["post-476","page","type-page","status-publish","hentry"],"_links":{"self":[{"href":"https:\/\/merj-dipic.it\/index.php\/wp-json\/wp\/v2\/pages\/476","targetHints":{"allow":["GET"]}}],"collection":[{"href":"https:\/\/merj-dipic.it\/index.php\/wp-json\/wp\/v2\/pages"}],"about":[{"href":"https:\/\/merj-dipic.it\/index.php\/wp-json\/wp\/v2\/types\/page"}],"author":[{"embeddable":true,"href":"https:\/\/merj-dipic.it\/index.php\/wp-json\/wp\/v2\/users\/1"}],"replies":[{"embeddable":true,"href":"https:\/\/merj-dipic.it\/index.php\/wp-json\/wp\/v2\/comments?post=476"}],"version-history":[{"count":1,"href":"https:\/\/merj-dipic.it\/index.php\/wp-json\/wp\/v2\/pages\/476\/revisions"}],"predecessor-version":[{"id":478,"href":"https:\/\/merj-dipic.it\/index.php\/wp-json\/wp\/v2\/pages\/476\/revisions\/478"}],"wp:attachment":[{"href":"https:\/\/merj-dipic.it\/index.php\/wp-json\/wp\/v2\/media?parent=476"}],"curies":[{"name":"wp","href":"https:\/\/api.w.org\/{rel}","templated":true}]}}